 = -j*c. Suppose -460 = 22*b - c*b. List the prime factors of b.
2, 5, 23
Let c = 37424 + -16290. What are the prime factors of c?
2, 10567
Let p be (-47748)/(-20) + (-20)/50. Let o = -1361 + p. What are the prime factors of o?
2, 3, 19
Suppose 30984 = -14*w + 234502. What are the prime factors of w?
14537
Suppose 32*p - 66*p + 19*p + 2655 = 0. What are the prime factors of p?
3, 59
Let m(w) = -22*w**3 - 6*w**2 - 8*w + 2. Let s(o) = -o + 6. Let z be s(8). List the prime factors of m(z).
2, 5, 17
Let m = 62 - 60. Let z be 1 + -1*(-4)/m. Suppose 0*i + z*x = i - 60, 4*i - 229 = x. List the prime factors of i.
3, 19
Let c = -74185 + 120653. What are the prime factors of c?
2, 11617
Let t(s) = 23*s**2 + 10*s - 57. Let o be t(12). Suppose -o = -21*h + 12*h. List the prime factors of h.
3, 5
Suppose 82*a - 354430 + 84240 = 0. What are the prime factors of a?
5, 659
Let j be (-56)/(-30) + 16/120. Suppose -4*p = -s + 1399, j*s - 7*p = -5*p + 2792. List the prime factors of s.
3, 5, 31
Let s(f) = f - 4. Let o be s(8). Suppose 22 + 14 = o*c. Suppose -7*j + c*j = 120. List the prime factors of j.
2, 3, 5
Let b be (-16720)/(-266)*14*3. Suppose 2*a - b = 5*c, 2*c = 7*a - 3111 - 6098. List the prime factors of a.
5, 263
Let s(y) = -6*y**2 + 618*y + 95. What are the prime factors of s(52)?
16007
Let t(p) = -p**3 + 8*p**2 - 6*p - 5. Let s(r) = r**2 - 18*r + 6. Suppose 0 = -5*b - 43 + 133. Let h be s(b). List the prime factors of t(h).
31
Suppose -44440 + 13672 = -8*l. Suppose -15*m + l = -7854. What are the prime factors of m?
2, 3, 5, 13
Let f = -12122 + 23510. List the prime factors of f.
2, 3, 13, 73
Suppose 117408 = 44*t - 12*t. List the prime factors of t.
3, 1223
Let n(q) = 4*q**3 - 6*q**2 - 66*q + 592. What are the prime factors of n(20)?
2, 3, 401
Let n = -12595 + 21335. What are the prime factors of n?
2, 5, 19, 23
Let n(l) = 17*l + 660. Let o be n(-40). Suppose 2*j + 251 + 13 = 0. What are the prime factors of (j/o)/((3/(-3))/(-5))?
3, 11
Let o = 26 - -50. Suppose o*q + 1215 = 85*q. List the prime factors of q.
3, 5
Suppose 4*i + 40172 = 49*g - 45*g, -20065 = -2*g + 5*i. List the prime factors of g.
2, 3, 5, 67
Let y(q) = -52*q**3 + q**2 + 15*q + 56. What are the prime factors of y(-6)?
2, 41, 137
Let d = 40287 - 24473. List the prime factors of d.
2, 7907
List the prime factors of (-23)/((-230)/(-2285))*(-1 - 3).
2, 457
List the prime factors of (-1 - 2/1)/(134/(-1148246)).
3, 11, 19, 41
Let m(v) = v**3 - 21*v**2 + 22*v + 27. Let z be m(20). Let c = 99 - z. What are the prime factors of c?
2
Let i = 86 + -80. Suppose -k + 2 - 4 = 3*x, x - i = k. List the prime factors of (-263 + -23)*x/(-2).
11, 13
Suppose 33*y - 865198 + 319378 = 0. What are the prime factors of y?
2, 5, 827
What are the prime factors of (151360/165)/(43/(-15) + 3)?
2, 5, 43
Let x = 673 + -109. Let b be (-10)/(-15)*x/8. Suppose 198 + b = 7*k. List the prime factors of k.
5, 7
Let n(s) = 1557*s + 6216. List the prime factors of n(7).
3, 5, 7, 163
List the prime factors of ((-10)/(-15)*-1867 + 13)/((-1)/3).
5, 739
Let k(n) = 2*n**2 + 11*n - 17. Let w be k(-7). Suppose -4*v - 640 = -5*b, 0 = w*b - v - 3*v - 508. What are the prime factors of b?
2, 3, 11
Suppose 4*q = 5*j + 16301, -5*q - 511*j + 515*j + 20383 = 0. List the prime factors of q.
4079
Suppose 3*r = 2*r + 2. Suppose 2*m - 845 + 45 = r*g, -4*g + 4 = 0. List the prime factors of m.
401
Let y(g) = -8*g**2 - 94*g + 1. Let z(j) = -25*j**2 - 283*j + 1. Let t(c) = -11*y(c) + 4*z(c). List the prime factors of t(-8).
3
Suppose 174*i - 186670 = 163*i. List the prime factors of i.
2, 5, 1697
Suppose -16 = -i - 4*p, i = -2*i + 2*p + 76. Let s be 8/i + (-3590)/(-3). Suppose 11*n = 4*n + s. List the prime factors of n.
3, 19
Let s be (-4 - -8 - (-1 + 2))*-3. Let t(u) = -19*u - 15. What are the prime factors of t(s)?
2, 3, 13
Let t be 0 + 17 - -6 - 6. Suppose 16*r + 223 = t*r. What are the prime factors of r?
223
Let d = -246 + 246. Suppose d = -3*g + 5*o + 285, 4*g - 5*o + 2*o - 380 = 0. List the prime factors of g.
5, 19
Let j = 158 - 116. Suppose -96 = 41*a - j*a. List the prime factors of a.
2, 3
Suppose 42*s = -27*s + 652096 - 43171. List the prime factors of s.
5, 353
Suppose -31*f + 48 = -14. Suppose 4*t - 239 = -27. Suppose o + t = f*o. What are the prime factors of o?
53
Let r = -299 + 575. Suppose r = -3*s + 966. What are the prime factors of s?
2, 5, 23
Let u(b) be the second derivative of b**4/12 - 2*b**3/3 - 4*b**2 - 10*b. Let v be u(6). Suppose -v*z - z = -510. What are the prime factors of z?
2, 3, 17
Suppose -3*z + 270 = 234. Suppose 0 = 10*n - z*n + 174. What are the prime factors of n?
3, 29
Suppose -15*v = 5*d - 13*v - 8180, 4*d - 6537 = -3*v. Suppose -19*w + 33*w = d. What are the prime factors of w?
3, 13
Let f = 1613 - 148. What are the prime factors of f?
5, 293
Let x = 187 + -168. Suppose -x*s = -8205 - 1219. What are the prime factors of s?
2, 31
Suppose -7*i - 2100 + 350 = 0. Let s = i - -614. What are the prime factors of s?
2, 7, 13
Let w = -19988 - -25770. List the prime factors of w.
2, 7, 59
Let t be -5 + (-675)/(-10) - (-2)/4. Let j = 49 - t. What are the prime factors of 26/(-91) - 494/j?
5, 7
Suppose 10*i = 14*i + 28*i - 227616. List the prime factors of i.
3, 2371
Suppose 0 = 2*n + 5*g - 6918, n - 3360 = -2*g + 97. What are the prime factors of n?
3449
Let p(q) = -74*q + 61. Let l = 189 - 192. What are the prime factors of p(l)?
283
Let w(v) = 213 - v - 217 - 12*v**2 - 10*v - 11*v - v**3. What are the prime factors of w(-11)?
3, 13
Let g(t) = 125*t**2 + 16*t - 4. Let y be g(3). Let a = y - 660. List the prime factors of a.
509
What are the prime factors of ((-118055)/(-210))/((-5)/(-150))?
5, 3373
Suppose 2*p - 39 = k, -41 - 30 = -3*p - k. Suppose 687 + 501 = -54*c. List the prime factors of (-110)/p*(c + 0)/1.
2, 5, 11
Let g = -66424 - -103590. What are the prime factors of g?
2, 18583
Suppose -n = f + f - 4, 0 = f + n - 1. Let x(a) = 5*a + 2*a + 23*a + f. List the prime factors of x(4).
3, 41
Let l = -115 - -186. Suppose 2*x - 46 = -g, x - l - 6 = -2*g. What are the prime factors of g?
2, 3
Let c(l) be the third derivative of -307*l**4/24 - 16*l**3/3 + 84*l**2. List the prime factors of c(-2).
2, 3, 97
Suppose 2*p + 0*p + 134 = -4*h, 4*p - 140 = 4*h. Let z = 30 + h. List the prime factors of -2*(z - 218/4).
3, 13
Let a be (-404)/(-1 - 1) + -4. Let h be (-4)/6*17/(17/a). Let c = h + 190. List the prime factors of c.
2, 29
Let h(u) = -3*u**2 + 7*u + 138. Let k(c) = -c**2 + 1. Let m(y) = h(y) - 4*k(y). List the prime factors of m(-17).
2, 19
Let x(b) = 5*b**3 + 17 + 34*b**2 + 0 + 2 + 38*b - 4*b**3. List the prime factors of x(-32).
23, 37
Let k = 596 - -3291. What are the prime factors of k?
13, 23
Let z(l) = 2*l**3 - 31*l**2 - 15*l + 9. Let t be z(16). Suppose t = x + h, 2*h = 3*x - 119 + 29. List the prime factors of x.
2, 7
Suppose -3*s + 3*h = -1812, 328 - 2128 = -3*s - 3*h. Let l = -157 + s. What are the prime factors of l?
5, 89
Let u(n) be the second derivative of 0 + n**2 + 16/3*n**3 + 13*n. What are the prime factors of u(2)?
2, 3, 11
Suppose 5*b - 4*g - 923 = 0, 5*g - 440 - 136 = -3*b. Suppose -3*w + 2*a - b + 1186 = 0, -w = 3*a - 344. What are the prime factors of w?
5, 67
Let u(x) = -x**3 + 6*x**2 - 5*x + 3. Let n be u(5). Suppose 0 = -5*a + n*d - 235, -5*a - 3*d - 71 = 134. Let l = 53 + a. What are the prime factors of l?
3
Suppose -2*m = -3*i + 8*i - 35, -m = -2*i + 5. Suppose 15 = -0*r + m*r. Suppose -5*j + 1256 = n, r*j - 666 - 86 = n. List the prime factors of j.
251
Let u(i) = 172*i + 6. Let y(b) = -173*b - 7. Let j(h) = 6*u(h) + 5*y(h). Let p be j(1). Let d = p - 41. What are the prime factors of d?
127
Let t = -112 + 126. Suppose 0 = -t*u + 15*u - 21. What are the prime factors of u?
3, 7
Let p be (-4)/10 - (-3820)/50. Let l = 97 - p. Suppose 29*d - 1920 = l*d. What are the prime factors of d?
2, 3, 5
Suppose 8*z = -5*z + 12207. Let h = z + -435. List the prime factors of h.
2, 3, 7
Suppose -153 = -2*x + 21. Suppose 116 = -2*b - 3*p, 3*p = b - 5*p + 20. Let r = x + b. What are the prime factors of r?
5, 7
Suppose 0*j + 3*p = -3*j + 9, -5*j + 17 = 3*p. Suppose -j*w + 437 = -143. Let s = -95 + w. What are the prime factors of s?
2, 5
Let n be (5 + 1/(-1))*1. Let c = -716 + 672. What